{"id":3,"date":"2020-03-24T13:01:56","date_gmt":"2020-03-24T13:01:56","guid":{"rendered":"https:\/\/sprayit.info\/?page_id=3"},"modified":"2020-04-09T22:26:42","modified_gmt":"2020-04-09T22:26:42","slug":"privacy-policy","status":"publish","type":"page","link":"https:\/\/ser-ve.de\/?page_id=3","title":{"rendered":"Impressum, Datenschutz, Rechtshinweise"},"content":{"rendered":"\r\n<h1 class=\"wp-block-heading\">Impressum (=Anbieterkennzeichnung) und Informationspflichten<\/h1>\r\n<p>\u00a7 5 Telemediengesetz (TMG):<\/p>\r\n<p>Ser-Ve Engagemententwicklung<\/p>\r\n<p>Inhaberin: Karin Buchner<br \/>Kollenbergstr. 12 \u2022 35644 Hohenahr<br \/>Telefon: 0 64 44 \/ 92 27 33 \u2022<br \/>E-Mail:\u00a0karin.buchner (at) ser-ve.de<\/p>\r\n<p>Verantwortlich gem\u00e4\u00df \u00a7\u00a055 Abs. 2 Rundfunkstaatsvertrag (RStV):<\/p>\r\n<p>Karin Buchner<br \/>Kollenbergstr. 12 \u2022\u00a035644 Hohenahr,<br \/>Tel. 0 64 44 \/\u00a092 27 33\u00a0\u2022\u00a0E-Mail: karin.buchner (at) ser-ve.de.<\/p>\r\n<h1>Datenschutz<\/h1>\r\n<p>Bei jedem Zugriff Ihrerseits auf diese Webseiten werden Daten \u00fcber diesen Vorgang gespeichert. Hierbei handelt es sich um folgende Informationen: IP-Adresse Ihres Rechners bzw. Internet-Service-Providers, von dem aus der Zugriff erfolgt, Datum und Uhrzeit des Zugriffs, verwendeter Browser, besuchte Webseite(n) und etwaige Dateidownloads.<\/p>\r\n<p>Diese Daten werden lediglich f\u00fcr statistische Zwecke und zur Verbesserung dieses Internet-Angebots im Hinblick auf Inhalt und Sicherheit gespeichert und genutzt und nicht auf Sie zur\u00fcckf\u00fchrbar ausgewertet.<\/p>\r\n<p>Sofern Sie \u00fcber das Internet, beispielsweise via E-Mail oder Kontaktformular mit uns in Verbindung treten, speichern wir Ihre hierbei \u00fcbermittelten Daten (z.B. Name, Anschrift bzw. E-Mail-Adresse sowie Ihre Ausf\u00fchrungen) elektronisch. Diese Daten werden nur f\u00fcr die vom Absender \u2013 also von Ihnen \u2013 beabsichtigten Zwecke (z.B. im Rahmen eines Vertragsverh\u00e4ltnisses oder zur Beantwortung einer Anfrage) verarbeitet oder genutzt.<\/p>\r\n<p>Als registrierter Teilnehmer am\u00a0<strong>Forum Ehrenamt<\/strong>\u00a0werden zudem solche Informationen erfasst und gespeichert, die Sie dort hinterlegen. Dies betrifft insbesondere Ihre Identifikations- und Kontaktdaten (z.B. Vorname, Name, E-Mail-Adresse, Benutzername) sowie ggf. Ihre Kommentare und Foren-Beitr\u00e4ge. Die Verwendung eines Pseudonyms ist m\u00f6glich. Die gespeicherten Daten werden ausschlie\u00dflich zu dem Zweck verarbeitet oder genutzt, das\u00a0<strong>Forum Ehrenamt\u00a0<\/strong>inhaltlich und technisch ordnungsgem\u00e4\u00df zu betreiben, insbesondere Ihre Teilnahme zu erm\u00f6glichen oder zu beenden.\u00a0Eine Verwendung zu anderen Zwecken bedarf Ihrer Einwilligung.<br \/>Wir weisen darauf hin, dass der von Ihnen angegebene Benutzername sowie Ihre Kommentare und Forenbeitr\u00e4ge f\u00fcr andere Nutzer des Forums sichtbar sind.<\/p>\r\n<p>Wenn Sie den hier angebotenen\u00a0<strong>Newsletter<\/strong>\u00a0beziehen m\u00f6chten, erfragen und speichern wir Ihre personenbezogenen Daten, soweit dies erforderlich ist, um die Versendung des Newsletters zu gew\u00e4hrleisten oder die Versendung zu beenden. Hierbei handelt es sich insbesondere um Ihre E-Mail-Adresse sowie Angaben, die Ihre Identifikation erm\u00f6glichen (Vorname, Name und postalische Anschrift) und Auskunft \u00fcber Beginn und Ende der Newsletter-Versendung geben. Zu anderen Zwecken werden diese Daten weder verarbeitet noch genutzt, es sei denn, Sie haben hierin eingewilligt.<\/p>\r\n<p>Jeder Nutzer hat im Rahmen der gesetzlichen Vorschriften des Bundesdatenschutzgesetzes bzw. des Telemediengesetzes das Recht auf Auskunft \u00fcber die zu seiner Person gespeicherten Daten sowie auf Berichtigung, L\u00f6schung oder Sperrung seiner Daten.<br \/>Unser Online-Angebot enth\u00e4lt Links zu anderen Webseiten. Wir haben keinen Einfluss darauf, ob deren Betreiber die Datenschutzbestimmungen einhalten.<br \/>Hiermit widerspricht das Europ\u00e4ische Institut f\u00fcr das Ehreamt Dr. Weller jeder kommerziellen Verwendung und Weitergabe seiner Daten.<\/p>\r\n<h1>Rechtliche Hinweise<\/h1>\r\n<p><strong>E-Mail-Verkehr<\/strong><\/p>\r\n<p>Es wird ausdr\u00fccklich darauf hingewiesen, dass unverschl\u00fcsselte Kommunikation via E-Mail unsicher ist. F\u00fcr hieraus resultierende Sch\u00e4den \u00fcbernehmen wir keine Haftung. Vertragsverh\u00e4ltnisse kommen erst durch Annahmeerkl\u00e4rung von Ser-Ve Inhaberin: Karin Buchner zustande.<\/p>\r\n<p><strong>Haftung<\/strong><\/p>\r\n<p>Der Inhalt dieser Webseiten dient der allgemeinen Information und kann eine individuelle Beratung nicht ersetzen.<br \/>Wir sind bem\u00fcht, die auf diesen Seiten bereitgestellten Informationen stets richtig, vollst\u00e4ndig und aktuell zu halten. Gleichwohl \u00fcbernehmen wir f\u00fcr die inhaltliche Korrektheit, Vollst\u00e4ndigkeit und Aktualit\u00e4t weder Gew\u00e4hr noch Haftung. Komplexit\u00e4t und st\u00e4ndiger Wandel der Materie machen es notwendig, Haftung und Gew\u00e4hr auszuschlie\u00dfen.<\/p>\r\n<p><strong>Keine Haftung f\u00fcr die Inhalte externer Links:<\/strong><\/p>\r\n<p>Hiermit distanziert sich Ser-Ve Inhaberin Karin Buchner ausdr\u00fccklich von allen Inhalten s\u00e4mtlicher Webseiten, auf die von ihren Internet-Seiten Links gesetzt sind, da diese anderen Webseiten von Fremdanbietern zug\u00e4nglich gemacht werden und sie auf deren wahrheitsgem\u00e4\u00dfen und rechtm\u00e4\u00dfigen Inhalt keinerlei Einfluss hat.<br \/>Daher kann Ser-Ve Inhaberin Karin Buchner f\u00fcr die Inhalte dieser Seiten keine Gew\u00e4hr \u00fcbernehmen. Zum Zeitpunkt der Verlinkung waren Rechtsverst\u00f6\u00dfe in Zusammenhang mit den verlinkten Webseiten f\u00fcr Ser-Ve Inhaberin Karin Buchner nicht erkennbar. Sobald es Kenntnis von rechtsverletzenden Inhalten auf den verlinkten Webseiten erh\u00e4lt, wird es die Verlinkungen umgehend entfernen. Eine permanente \u00dcberwachung dieser Webseiten dahingehend, ob sich dort Rechtsverst\u00f6\u00dfe finden, obliegt ihm jedoch nicht.<\/p>\r\n<p><strong>Urheberrecht<\/strong><\/p>\r\n<p>Die\u00a0<strong>Rechte an dem Inhalt<\/strong>\u00a0dieser Seiten liegen bei Karin Buchner.<\/p>\r\n<p>Alle Inhalte und Strukturen dieser Webseiten sind urheberrechtlich gesch\u00fctzt. Die Ver\u00f6ffentlichung im World Wide Web oder in sonstigen Diensten des Internet bedeutet noch keine Einverst\u00e4ndniserkl\u00e4rung f\u00fcr eine anderweitige Nutzung durch Dritte.<\/p>\r\n<p>Das Zitieren von Inhalten sowie das Setzen von Links auf diese Webseiten wird begr\u00fcsst und erlaubt, wenn dabei kenntlich gemacht wird, dass es sich um Webseiten von Ser-Ve, Inhaberin: Karin Buchner handelt, und wenn Ser-Ve, Inhaberin Karin Buchner, \u00fcber die Verlinkung unverz\u00fcglich informiert wird.<\/p>\r\n<p><strong>E-Mail: karin.buchner (at) ser-ve.de<\/strong><\/p>\r\n<p>Wir bedanken uns bei Herrn Rechtsanwalt Dr. Frank Weller \u2013 www.weller-hilft.de \u2013 \u00a0f\u00fcr die Unterst\u00fctzung bei der Erstellung des Impressums bzw. der Anbieterkennzeichnung sowie der Zusammenstellung der Rechts- und Datenschutzhinweise.<\/p>\r\n","protected":false},"excerpt":{"rendered":"<p>Impressum (=Anbieterkennzeichnung) und Informationspflichten \u00a7 5 Telemediengesetz (TMG): Ser-Ve Engagemententwicklung Inhaberin: Karin BuchnerKollenbergstr. 12 \u2022 35644 HohenahrTelefon: 0 64 44 \/ 92 27 33 \u2022E-Mail:\u00a0karin.buchner (at) ser-ve.de Verantwortlich gem\u00e4\u00df \u00a7\u00a055 Abs. 2 Rundfunkstaatsvertrag (RStV): Karin BuchnerKollenbergstr. 12 \u2022\u00a035644 Hohenahr,Tel. 0 64 44 \/\u00a092 27 33\u00a0\u2022\u00a0E-Mail: karin.buchner (at) ser-ve.de. Datenschutz Bei jedem Zugriff Ihrerseits auf diese Webseiten werden Daten \u00fcber diesen Vorgang gespeichert. Hierbei handelt es sich um folgende Informationen: IP-Adresse Ihres Rechners bzw. Internet-Service-Providers, von dem aus der Zugriff erfolgt, Datum und Uhrzeit des Zugriffs, verwendeter Browser, besuchte Webseite(n) und etwaige Dateidownloads. Diese Daten werden lediglich f\u00fcr statistische Zwecke und zur Verbesserung dieses Internet-Angebots im Hinblick auf Inhalt und Sicherheit&hellip; <a class=\"read-more\" href=\"https:\/\/ser-ve.de\/?page_id=3\">Mehr Lesen<\/a><\/p>\n","protected":false},"author":1,"featured_media":0,"parent":0,"menu_order":0,"comment_status":"closed","ping_status":"closed","template":"","meta":{"footnotes":""},"class_list":["post-3","page","type-page","status-publish","hentry"],"_links":{"self":[{"href":"https:\/\/ser-ve.de\/index.php?rest_route=\/wp\/v2\/pages\/3","targetHints":{"allow":["GET"]}}],"collection":[{"href":"https:\/\/ser-ve.de\/index.php?rest_route=\/wp\/v2\/pages"}],"about":[{"href":"https:\/\/ser-ve.de\/index.php?rest_route=\/wp\/v2\/types\/page"}],"author":[{"embeddable":true,"href":"https:\/\/ser-ve.de\/index.php?rest_route=\/wp\/v2\/users\/1"}],"replies":[{"embeddable":true,"href":"https:\/\/ser-ve.de\/index.php?rest_route=%2Fwp%2Fv2%2Fcomments&post=3"}],"version-history":[{"count":3,"href":"https:\/\/ser-ve.de\/index.php?rest_route=\/wp\/v2\/pages\/3\/revisions"}],"predecessor-version":[{"id":102,"href":"https:\/\/ser-ve.de\/index.php?rest_route=\/wp\/v2\/pages\/3\/revisions\/102"}],"wp:attachment":[{"href":"https:\/\/ser-ve.de\/index.php?rest_route=%2Fwp%2Fv2%2Fmedia&parent=3"}],"curies":[{"name":"wp","href":"https:\/\/api.w.org\/{rel}","templated":true}]}}

<h1 class="wp-block-heading">Impressum (=Anbieterkennzeichnung) und Informationspflichten</h1>
<p>§ 5 Telemediengesetz (TMG):</p>
<p>Ser-Ve Engagemententwicklung</p>
<p>Inhaberin: Karin Buchner<br />Kollenbergstr. 12 • 35644 Hohenahr<br />Telefon: 0 64 44 / 92 27 33 •<br />E-Mail: karin.buchner (at) ser-ve.de</p>
<p>Verantwortlich gemäß § 55 Abs. 2 Rundfunkstaatsvertrag (RStV):</p>
<p>Karin Buchner<br />Kollenbergstr. 12 • 35644 Hohenahr,<br />Tel. 0 64 44 / 92 27 33 • E-Mail: karin.buchner (at) ser-ve.de.</p>
<h1>Datenschutz</h1>
<p>Bei jedem Zugriff Ihrerseits auf diese Webseiten werden Daten über diesen Vorgang gespeichert. Hierbei handelt es sich um folgende Informationen: IP-Adresse Ihres Rechners bzw. Internet-Service-Providers, von dem aus der Zugriff erfolgt, Datum und Uhrzeit des Zugriffs, verwendeter Browser, besuchte Webseite(n) und etwaige Dateidownloads.</p>
<p>Diese Daten werden lediglich für statistische Zwecke und zur Verbesserung dieses Internet-Angebots im Hinblick auf Inhalt und Sicherheit gespeichert und genutzt und nicht auf Sie zurückführbar ausgewertet.</p>
<p>Sofern Sie über das Internet, beispielsweise via E-Mail oder Kontaktformular mit uns in Verbindung treten, speichern wir Ihre hierbei übermittelten Daten (z.B. Name, Anschrift bzw. E-Mail-Adresse sowie Ihre Ausführungen) elektronisch. Diese Daten werden nur für die vom Absender – also von Ihnen – beabsichtigten Zwecke (z.B. im Rahmen eines Vertragsverhältnisses oder zur Beantwortung einer Anfrage) verarbeitet oder genutzt.</p>
<p>Als registrierter Teilnehmer am <strong>Forum Ehrenamt</strong> werden zudem solche Informationen erfasst und gespeichert, die Sie dort hinterlegen. Dies betrifft insbesondere Ihre Identifikations- und Kontaktdaten (z.B. Vorname, Name, E-Mail-Adresse, Benutzername) sowie ggf. Ihre Kommentare und Foren-Beiträge. Die Verwendung eines Pseudonyms ist möglich. Die gespeicherten Daten werden ausschließlich zu dem Zweck verarbeitet oder genutzt, das <strong>Forum Ehrenamt </strong>inhaltlich und technisch ordnungsgemäß zu betreiben, insbesondere Ihre Teilnahme zu ermöglichen oder zu beenden. Eine Verwendung zu anderen Zwecken bedarf Ihrer Einwilligung.<br />Wir weisen darauf hin, dass der von Ihnen angegebene Benutzername sowie Ihre Kommentare und Forenbeiträge für andere Nutzer des Forums sichtbar sind.</p>
<p>Wenn Sie den hier angebotenen <strong>Newsletter</strong> beziehen möchten, erfragen und speichern wir Ihre personenbezogenen Daten, soweit dies erforderlich ist, um die Versendung des Newsletters zu gewährleisten oder die Versendung zu beenden. Hierbei handelt es sich insbesondere um Ihre E-Mail-Adresse sowie Angaben, die Ihre Identifikation ermöglichen (Vorname, Name und postalische Anschrift) und Auskunft über Beginn und Ende der Newsletter-Versendung geben. Zu anderen Zwecken werden diese Daten weder verarbeitet noch genutzt, es sei denn, Sie haben hierin eingewilligt.</p>
<p>Jeder Nutzer hat im Rahmen der gesetzlichen Vorschriften des Bundesdatenschutzgesetzes bzw. des Telemediengesetzes das Recht auf Auskunft über die zu seiner Person gespeicherten Daten sowie auf Berichtigung, Löschung oder Sperrung seiner Daten.<br />Unser Online-Angebot enthält Links zu anderen Webseiten. Wir haben keinen Einfluss darauf, ob deren Betreiber die Datenschutzbestimmungen einhalten.<br />Hiermit widerspricht das Europäische Institut für das Ehreamt Dr. Weller jeder kommerziellen Verwendung und Weitergabe seiner Daten.</p>
<h1>Rechtliche Hinweise</h1>
<p><strong>E-Mail-Verkehr</strong></p>
<p>Es wird ausdrücklich darauf hingewiesen, dass unverschlüsselte Kommunikation via E-Mail unsicher ist. Für hieraus resultierende Schäden übernehmen wir keine Haftung. Vertragsverhältnisse kommen erst durch Annahmeerklärung von Ser-Ve Inhaberin: Karin Buchner zustande.</p>
<p><strong>Haftung</strong></p>
<p>Der Inhalt dieser Webseiten dient der allgemeinen Information und kann eine individuelle Beratung nicht ersetzen.<br />Wir sind bemüht, die auf diesen Seiten bereitgestellten Informationen stets richtig, vollständig und aktuell zu halten. Gleichwohl übernehmen wir für die inhaltliche Korrektheit, Vollständigkeit und Aktualität weder Gewähr noch Haftung. Komplexität und ständiger Wandel der Materie machen es notwendig, Haftung und Gewähr auszuschließen.</p>
<p><strong>Keine Haftung für die Inhalte externer Links:</strong></p>
<p>Hiermit distanziert sich Ser-Ve Inhaberin Karin Buchner ausdrücklich von allen Inhalten sämtlicher Webseiten, auf die von ihren Internet-Seiten Links gesetzt sind, da diese anderen Webseiten von Fremdanbietern zugänglich gemacht werden und sie auf deren wahrheitsgemäßen und rechtmäßigen Inhalt keinerlei Einfluss hat.<br />Daher kann Ser-Ve Inhaberin Karin Buchner für die Inhalte dieser Seiten keine Gewähr übernehmen. Zum Zeitpunkt der Verlinkung waren Rechtsverstöße in Zusammenhang mit den verlinkten Webseiten für Ser-Ve Inhaberin Karin Buchner nicht erkennbar. Sobald es Kenntnis von rechtsverletzenden Inhalten auf den verlinkten Webseiten erhält, wird es die Verlinkungen umgehend entfernen. Eine permanente Überwachung dieser Webseiten dahingehend, ob sich dort Rechtsverstöße finden, obliegt ihm jedoch nicht.</p>
<p><strong>Urheberrecht</strong></p>
<p>Die <strong>Rechte an dem Inhalt</strong> dieser Seiten liegen bei Karin Buchner.</p>
<p>Alle Inhalte und Strukturen dieser Webseiten sind urheberrechtlich geschützt. Die Veröffentlichung im World Wide Web oder in sonstigen Diensten des Internet bedeutet noch keine Einverständniserklärung für eine anderweitige Nutzung durch Dritte.</p>
<p>Das Zitieren von Inhalten sowie das Setzen von Links auf diese Webseiten wird begrüsst und erlaubt, wenn dabei kenntlich gemacht wird, dass es sich um Webseiten von Ser-Ve, Inhaberin: Karin Buchner handelt, und wenn Ser-Ve, Inhaberin Karin Buchner, über die Verlinkung unverzüglich informiert wird.</p>
<p><strong>E-Mail: karin.buchner (at) ser-ve.de</strong></p>
<p>Wir bedanken uns bei Herrn Rechtsanwalt Dr. Frank Weller – www.weller-hilft.de –  für die Unterstützung bei der Erstellung des Impressums bzw. der Anbieterkennzeichnung sowie der Zusammenstellung der Rechts- und Datenschutzhinweise.</p>

<p>Impressum (=Anbieterkennzeichnung) und Informationspflichten § 5 Telemediengesetz (TMG): Ser-Ve Engagemententwicklung Inhaberin: Karin BuchnerKollenbergstr. 12 • 35644 HohenahrTelefon: 0 64 44 / 92 27 33 •E-Mail: karin.buchner (at) ser-ve.de Verantwortlich gemäß § 55 Abs. 2 Rundfunkstaatsvertrag (RStV): Karin BuchnerKollenbergstr. 12 • 35644 Hohenahr,Tel. 0 64 44 / 92 27 33 • E-Mail: karin.buchner (at) ser-ve.de. Datenschutz Bei jedem Zugriff Ihrerseits auf diese Webseiten werden Daten über diesen Vorgang gespeichert. Hierbei handelt es sich um folgende Informationen: IP-Adresse Ihres Rechners bzw. Internet-Service-Providers, von dem aus der Zugriff erfolgt, Datum und Uhrzeit des Zugriffs, verwendeter Browser, besuchte Webseite(n) und etwaige Dateidownloads. Diese Daten werden lediglich für statistische Zwecke und zur Verbesserung dieses Internet-Angebots im Hinblick auf Inhalt und Sicherheit&hellip; <a class="read-more" href="https://ser-ve.de/?page_id=3">Mehr Lesen</a></p>
